{"id":357,"date":"2018-09-03T08:47:38","date_gmt":"2018-09-03T08:47:38","guid":{"rendered":"https:\/\/demo.themegrill.com\/zakra-drone\/?page_id=106"},"modified":"2020-10-19T18:32:11","modified_gmt":"2020-10-19T16:32:11","slug":"online-kaufen","status":"publish","type":"page","link":"https:\/\/dr-vapes.de\/index.php\/online-kaufen\/","title":{"rendered":"ONLINE KAUFEN"},"content":{"rendered":"\t\t<div data-elementor-type=\"wp-post\" data-elementor-id=\"357\" class=\"elementor elementor-357\">\n\t\t\t\t\t\t<div class=\"elementor-inner\">\n\t\t\t\t<div class=\"elementor-section-wrap\">\n\t\t\t\t\t\t\t\t\t<section class=\"elementor-section elementor-top-section elementor-element elementor-element-334f584 elementor-section-boxed elementor-section-height-default elementor-section-height-default\" data-id=\"334f584\" data-element_type=\"section\">\n\t\t\t\t\t\t<div class=\"elementor-container elementor-column-gap-default\">\n\t\t\t\t\t\t\t<div class=\"elementor-row\">\n\t\t\t\t\t<div class=\"elementor-column elementor-col-100 elementor-top-column elementor-element elementor-element-c96f426\" data-id=\"c96f426\" data-element_type=\"column\">\n\t\t\t<div class=\"elementor-column-wrap elementor-element-populated\">\n\t\t\t\t\t\t\t<div class=\"elementor-widget-wrap\">\n\t\t\t\t\t\t<div class=\"elementor-element elementor-element-b26f603 elementor-widget elementor-widget-heading\" data-id=\"b26f603\" data-element_type=\"widget\" data-widget_type=\"heading.default\">\n\t\t\t\t<div class=\"elementor-widget-container\">\n\t\t\t<h2 class=\"elementor-heading-title elementor-size-default\">Autorisierte Verk\u00e4ufer in Deutschland:<\/h2>\t\t<\/div>\n\t\t\t\t<\/div>\n\t\t\t\t\t\t<\/div>\n\t\t\t\t\t<\/div>\n\t\t<\/div>\n\t\t\t\t\t\t\t\t<\/div>\n\t\t\t\t\t<\/div>\n\t\t<\/section>\n\t\t\t\t<section class=\"elementor-section elementor-top-section elementor-element elementor-element-f62df32 elementor-section-boxed elementor-section-height-default elementor-section-height-default\" data-id=\"f62df32\" data-element_type=\"section\">\n\t\t\t\t\t\t<div class=\"elementor-container elementor-column-gap-default\">\n\t\t\t\t\t\t\t<div class=\"elementor-row\">\n\t\t\t\t\t<div class=\"elementor-column elementor-col-25 elementor-top-column elementor-element elementor-element-512c461\" data-id=\"512c461\" data-element_type=\"column\">\n\t\t\t<div class=\"elementor-column-wrap elementor-element-populated\">\n\t\t\t\t\t\t\t<div class=\"elementor-widget-wrap\">\n\t\t\t\t\t\t<div class=\"elementor-element elementor-element-d213141 elementor-widget elementor-widget-text-editor\" data-id=\"d213141\" data-element_type=\"widget\" data-widget_type=\"text-editor.default\">\n\t\t\t\t<div class=\"elementor-widget-container\">\n\t\t\t\t\t\t\t\t<div class=\"elementor-text-editor elementor-clearfix\">\n\t\t\t\t<p style=\"text-align: center;\"><strong>MAXYMUM VAPE<\/strong><br \/>Kampstra\u00dfe 19<br \/>58095 Hagen<br \/>02331-7841881<br \/><span style=\"text-decoration: underline;\"><a href=\"https:\/\/maxyvape.de\/Dr-Vapes_1\" target=\"_blank\" rel=\"noreferrer noopener\" aria-label=\" (\u00f6ffnet in neuem Tab)\">&gt; zum Onlineshop &lt;<\/a><\/span><\/p>\t\t\t\t\t<\/div>\n\t\t\t\t\t\t<\/div>\n\t\t\t\t<\/div>\n\t\t\t\t\t\t<\/div>\n\t\t\t\t\t<\/div>\n\t\t<\/div>\n\t\t\t\t<div class=\"elementor-column elementor-col-25 elementor-top-column elementor-element elementor-element-42570dc\" data-id=\"42570dc\" data-element_type=\"column\">\n\t\t\t<div class=\"elementor-column-wrap elementor-element-populated\">\n\t\t\t\t\t\t\t<div class=\"elementor-widget-wrap\">\n\t\t\t\t\t\t<div class=\"elementor-element elementor-element-bbc88db elementor-widget elementor-widget-text-editor\" data-id=\"bbc88db\" data-element_type=\"widget\" data-widget_type=\"text-editor.default\">\n\t\t\t\t<div class=\"elementor-widget-container\">\n\t\t\t\t\t\t\t\t<div class=\"elementor-text-editor elementor-clearfix\">\n\t\t\t\t<p style=\"text-align: center;\"><strong>KerosLiquids <\/strong><br \/>Erftstra\u00dfe 13<br \/>41460 Neuss<br \/>02131-7387022<br \/><span style=\"text-decoration: underline;\"><a href=\"https:\/\/kerosliquids.de\/liquids\/dr.vapes\/\" target=\"_blank\" rel=\"noreferrer noopener\" aria-label=\" (\u00f6ffnet in neuem Tab)\">&gt; zum Onlineshop &lt;<\/a><\/span><\/p>\t\t\t\t\t<\/div>\n\t\t\t\t\t\t<\/div>\n\t\t\t\t<\/div>\n\t\t\t\t\t\t<\/div>\n\t\t\t\t\t<\/div>\n\t\t<\/div>\n\t\t\t\t<div class=\"elementor-column elementor-col-25 elementor-top-column elementor-element elementor-element-c7210da\" data-id=\"c7210da\" data-element_type=\"column\">\n\t\t\t<div class=\"elementor-column-wrap elementor-element-populated\">\n\t\t\t\t\t\t\t<div class=\"elementor-widget-wrap\">\n\t\t\t\t\t\t<div class=\"elementor-element elementor-element-284e088 elementor-widget elementor-widget-text-editor\" data-id=\"284e088\" data-element_type=\"widget\" data-widget_type=\"text-editor.default\">\n\t\t\t\t<div class=\"elementor-widget-container\">\n\t\t\t\t\t\t\t\t<div class=\"elementor-text-editor elementor-clearfix\">\n\t\t\t\t<p style=\"text-align: center;\"><strong>Dampfshop4u<\/strong><br \/>Oberer Steinweg 8<br \/>08523 Plauen<br \/>03741-1782260<br \/><span style=\"text-decoration: underline;\"><a href=\"https:\/\/www.dampfshop4u.de\/dr.-vapes\/\" target=\"_blank\" rel=\"noreferrer noopener\" aria-label=\" (\u00f6ffnet in neuem Tab)\">&gt; zum Onlineshop &lt;<\/a><\/span><\/p>\t\t\t\t\t<\/div>\n\t\t\t\t\t\t<\/div>\n\t\t\t\t<\/div>\n\t\t\t\t\t\t<\/div>\n\t\t\t\t\t<\/div>\n\t\t<\/div>\n\t\t\t\t<div class=\"elementor-column elementor-col-25 elementor-top-column elementor-element elementor-element-6e763dd\" data-id=\"6e763dd\" data-element_type=\"column\">\n\t\t\t<div class=\"elementor-column-wrap elementor-element-populated\">\n\t\t\t\t\t\t\t<div class=\"elementor-widget-wrap\">\n\t\t\t\t\t\t<div class=\"elementor-element elementor-element-fda7ded elementor-widget elementor-widget-text-editor\" data-id=\"fda7ded\" data-element_type=\"widget\" data-widget_type=\"text-editor.default\">\n\t\t\t\t<div class=\"elementor-widget-container\">\n\t\t\t\t\t\t\t\t<div class=\"elementor-text-editor elementor-clearfix\">\n\t\t\t\t<p style=\"text-align: center;\"><strong>Dampf Company<\/strong><br \/>Krablerstr. 127<br \/>Halle 39b<br \/>45326 Essen<br \/>0201-4388280<br \/><span style=\"text-decoration: underline;\"><a href=\"https:\/\/dampf-company.com\/Dr-Vapes\" target=\"_blank\" rel=\"noreferrer noopener\" aria-label=\" (\u00f6ffnet in neuem Tab)\">&gt; zum Onlineshop &lt;<\/a><\/span><\/p>\t\t\t\t\t<\/div>\n\t\t\t\t\t\t<\/div>\n\t\t\t\t<\/div>\n\t\t\t\t\t\t<\/div>\n\t\t\t\t\t<\/div>\n\t\t<\/div>\n\t\t\t\t\t\t\t\t<\/div>\n\t\t\t\t\t<\/div>\n\t\t<\/section>\n\t\t\t\t<section class=\"elementor-section elementor-top-section elementor-element elementor-element-9d2e57c elementor-section-boxed elementor-section-height-default elementor-section-height-default\" data-id=\"9d2e57c\" data-element_type=\"section\">\n\t\t\t\t\t\t<div class=\"elementor-container elementor-column-gap-default\">\n\t\t\t\t\t\t\t<div class=\"elementor-row\">\n\t\t\t\t\t<div class=\"elementor-column elementor-col-50 elementor-top-column elementor-element elementor-element-6480793\" data-id=\"6480793\" data-element_type=\"column\">\n\t\t\t<div class=\"elementor-column-wrap elementor-element-populated\">\n\t\t\t\t\t\t\t<div class=\"elementor-widget-wrap\">\n\t\t\t\t\t\t<div class=\"elementor-element elementor-element-5c42cad elementor-widget elementor-widget-text-editor\" data-id=\"5c42cad\" data-element_type=\"widget\" data-widget_type=\"text-editor.default\">\n\t\t\t\t<div class=\"elementor-widget-container\">\n\t\t\t\t\t\t\t\t<div class=\"elementor-text-editor elementor-clearfix\">\n\t\t\t\t<div style=\"text-align: center;\"><p><b>Deutschland Distribution (Gro\u00dfhandel)<\/b><\/p><div><p style=\"font-size: 16px; font-style: normal;\"><b>TRULO GmbH<\/b><\/p><\/div><div><p style=\"font-weight: 400; font-size: 16px; font-style: normal;\">Himmelgeister Stra\u00dfe 70<\/p><\/div><div><p>40225 D\u00fcsseldorf<br \/>Deutschland<\/p><\/div><div><p>Telefon: +49 (0) 211 9419 6308<\/p><\/div><div><p>E-Mail: <a href=\"mailto:info@vampirevape.de\">info@vampirevape.de<\/a><\/p><\/div><\/div>\t\t\t\t\t<\/div>\n\t\t\t\t\t\t<\/div>\n\t\t\t\t<\/div>\n\t\t\t\t\t\t<\/div>\n\t\t\t\t\t<\/div>\n\t\t<\/div>\n\t\t\t\t<div class=\"elementor-column elementor-col-50 elementor-top-column elementor-element elementor-element-e86dd57\" data-id=\"e86dd57\" data-element_type=\"column\">\n\t\t\t<div class=\"elementor-column-wrap elementor-element-populated\">\n\t\t\t\t\t\t\t<div class=\"elementor-widget-wrap\">\n\t\t\t\t\t\t<div class=\"elementor-element elementor-element-beb801d elementor-widget elementor-widget-text-editor\" data-id=\"beb801d\" data-element_type=\"widget\" data-widget_type=\"text-editor.default\">\n\t\t\t\t<div class=\"elementor-widget-container\">\n\t\t\t\t\t\t\t\t<div class=\"elementor-text-editor elementor-clearfix\">\n\t\t\t\t<div style=\"text-align: center;\"><span style=\"font-weight: bold;\">NCS Vape GmbH (Gro\u00dfhandel)<\/span><br \/>Kabeler Str. 68<br \/>58099 Hagen<br \/>02331-3406405<br \/><a style=\"background-color: #ffffff;\" href=\"https:\/\/ncsvape.de\/kontaktformular\" target=\"_blank\" rel=\"noreferrer noopener\" aria-label=\" (\u00f6ffnet in neuem Tab)\">&gt; zum Kontaktformular &lt;<\/a><\/div>\t\t\t\t\t<\/div>\n\t\t\t\t\t\t<\/div>\n\t\t\t\t<\/div>\n\t\t\t\t\t\t<\/div>\n\t\t\t\t\t<\/div>\n\t\t<\/div>\n\t\t\t\t<div class=\"elementor-column elementor-col-100 elementor-top-column elementor-element elementor-element-d729ef9\" data-id=\"d729ef9\" data-element_type=\"column\">\n\t\t\t<div class=\"elementor-column-wrap elementor-element-populated\">\n\t\t\t\t\t\t\t<div class=\"elementor-widget-wrap\">\n\t\t\t\t\t\t<div class=\"elementor-element elementor-element-2fc9691 elementor-widget elementor-widget-text-editor\" data-id=\"2fc9691\" data-element_type=\"widget\" data-widget_type=\"text-editor.default\">\n\t\t\t\t<div class=\"elementor-widget-container\">\n\t\t\t\t\t\t\t\t<div class=\"elementor-text-editor elementor-clearfix\">\n\t\t\t\t<p style=\"text-align: center;\"><strong>Intrade Conepts GmbH<br \/><\/strong>Barentsstra\u00dfe 13<br \/>53881 Euskirchen<br \/>02251-775 88 88<br \/><a href=\"https:\/\/www.zazo.de\/eliquids\/panther-by-dr.-vapes\/\" target=\"_blank\" rel=\"noopener\"><span style=\"text-decoration: underline;\">&gt; zum Onlineshop &lt;<\/span><\/a><br \/><a href=\"https:\/\/www.e-zigaretten-handel.de\/\" target=\"_blank\" rel=\"noopener\"><span style=\"text-decoration: underline;\">&gt; zum B2B-Shop &lt;<\/span><\/a><\/p>\t\t\t\t\t<\/div>\n\t\t\t\t\t\t<\/div>\n\t\t\t\t<\/div>\n\t\t\t\t\t\t<\/div>\n\t\t\t\t\t<\/div>\n\t\t<\/div>\n\t\t\t\t\t\t\t\t<\/div>\n\t\t\t\t\t<\/div>\n\t\t<\/section>\n\t\t\t\t<section class=\"elementor-section elementor-top-section elementor-element elementor-element-af091e6 elementor-section-boxed elementor-section-height-default elementor-section-height-default\" data-id=\"af091e6\" data-element_type=\"section\">\n\t\t\t\t\t\t<div class=\"elementor-container elementor-column-gap-default\">\n\t\t\t\t\t\t\t<div class=\"elementor-row\">\n\t\t\t\t\t<div class=\"elementor-column elementor-col-100 elementor-top-column elementor-element elementor-element-b1504a6\" data-id=\"b1504a6\" data-element_type=\"column\">\n\t\t\t<div class=\"elementor-column-wrap elementor-element-populated\">\n\t\t\t\t\t\t\t<div class=\"elementor-widget-wrap\">\n\t\t\t\t\t\t<div class=\"elementor-element elementor-element-dac5794 elementor-widget elementor-widget-text-editor\" data-id=\"dac5794\" data-element_type=\"widget\" data-widget_type=\"text-editor.default\">\n\t\t\t\t<div class=\"elementor-widget-container\">\n\t\t\t\t\t\t\t\t<div class=\"elementor-text-editor elementor-clearfix\">\n\t\t\t\t<p><strong>Tipp:<\/strong> Wenn Sie ebenfalls ein Verk\u00e4ufer sind und zu dieser Liste hinzugef\u00fcgt werden m\u00f6chten, kontaktieren Sie uns bitte \u00fcber das Kontaktformular.<\/p>\t\t\t\t\t<\/div>\n\t\t\t\t\t\t<\/div>\n\t\t\t\t<\/div>\n\t\t\t\t\t\t<\/div>\n\t\t\t\t\t<\/div>\n\t\t<\/div>\n\t\t\t\t\t\t\t\t<\/div>\n\t\t\t\t\t<\/div>\n\t\t<\/section>\n\t\t\t\t\t\t\t\t\t<\/div>\n\t\t\t<\/div>\n\t\t\t\t\t<\/div>\n\t\t","protected":false},"excerpt":{"rendered":"<p>Autorisierte Verk\u00e4ufer in Deutschland: MAXYMUM VAPEKampstra\u00dfe 1958095 Hagen02331-7841881&gt; zum Onlineshop &lt; KerosLiquids Erftstra\u00dfe 1341460 Neuss02131-7387022&gt; zum Onlineshop &lt; Dampfshop4uOberer Steinweg 808523 Plauen03741-1782260&gt; zum Onlineshop &lt; Dampf CompanyKrablerstr. 127Halle 39b45326 Essen0201-4388280&gt; zum Onlineshop &lt; Deutschland Distribution (Gro\u00dfhandel) TRULO GmbH Himmelgeister Stra\u00dfe 70 40225 D\u00fcsseldorfDeutschland Telefon: +49 (0) 211 9419 6308 E-Mail: info@vampirevape.de NCS Vape GmbH (Gro\u00dfhandel)Kabeler [&hellip;]<\/p>\n","protected":false},"author":1,"featured_media":0,"parent":0,"menu_order":0,"comment_status":"closed","ping_status":"closed","template":"elementor_header_footer","meta":[],"_links":{"self":[{"href":"https:\/\/dr-vapes.de\/index.php\/wp-json\/wp\/v2\/pages\/357"}],"collection":[{"href":"https:\/\/dr-vapes.de\/index.php\/wp-json\/wp\/v2\/pages"}],"about":[{"href":"https:\/\/dr-vapes.de\/index.php\/wp-json\/wp\/v2\/types\/page"}],"author":[{"embeddable":true,"href":"https:\/\/dr-vapes.de\/index.php\/wp-json\/wp\/v2\/users\/1"}],"replies":[{"embeddable":true,"href":"https:\/\/dr-vapes.de\/index.php\/wp-json\/wp\/v2\/comments?post=357"}],"version-history":[{"count":29,"href":"https:\/\/dr-vapes.de\/index.php\/wp-json\/wp\/v2\/pages\/357\/revisions"}],"predecessor-version":[{"id":601,"href":"https:\/\/dr-vapes.de\/index.php\/wp-json\/wp\/v2\/pages\/357\/revisions\/601"}],"wp:attachment":[{"href":"https:\/\/dr-vapes.de\/index.php\/wp-json\/wp\/v2\/media?parent=357"}],"curies":[{"name":"wp","href":"https:\/\/api.w.org\/{rel}","templated":true}]}}